{"id":4,"date":"2020-03-24T10:06:50","date_gmt":"2020-03-24T10:06:50","guid":{"rendered":"http:\/\/kunkel-systems.de\/?page_id=4"},"modified":"2020-04-08T08:28:11","modified_gmt":"2020-04-08T08:28:11","slug":"produkte","status":"publish","type":"page","link":"https:\/\/kunkel-systems.de\/?page_id=4","title":{"rendered":"Produkte"},"content":{"rendered":"\n<p> Willkommen auf der Homepage der Firma Fritz Kunkel!<br><br>Aufgrund unserer langj\u00e4hrigen Erfahrung mit optischen,  softwaregesteuerten Verfahren zur Bildanalyse k\u00f6nnen wir Ihnen  individuelle L\u00f6sungen f\u00fcr verschiedene Anwendungsf\u00e4lle anbieten.  Mit unseren Produkten k\u00f6nnen Sie vor allem Mehl, Grie\u00df und andere Sch\u00fcttg\u00fcter aus der Lebensmittelbranche messen. Aber auch chemische Produkte, wie z.B. PVC-Pulver oder Aluminiumoxid sind f\u00fcr uns kein Problem. Wir entwickeln Systeme f\u00fcr die Prozessautomation, das Labor und den universit\u00e4ren Bereich.<br><br>Die haupts\u00e4chlich gemessenen Parameter unserer Systeme sind Partikelgr\u00f6\u00dfe, Stippen, Verunreinigungen, Farbe, Wei\u00dfgrad, Protein, Feuchte und Mineralstoffgehalt.<\/p>\n\n\n\n<p>W\u00e4hlen Sie einfach im Men\u00fc (oben) das gew\u00fcnschte Produkt aus oder klicken Sie hier direkt auf einen Eintrag ><\/p>\n\n\n\n<figure class=\"wp-block-image size-large is-resized\"><a href=\"https:\/\/kunkel-systems.de\/?page_id=7\"><img loading=\"lazy\" decoding=\"async\" src=\"https:\/\/kunkel-systems.de\/wp-content\/uploads\/2020\/03\/Bypass-mit-NIR-freigestellt-682x1024.jpg\" alt=\"OKS Online mit NIR\" class=\"wp-image-23\" width=\"171\" height=\"256\" srcset=\"https:\/\/kunkel-systems.de\/wp-content\/uploads\/2020\/03\/Bypass-mit-NIR-freigestellt-682x1024.jpg 682w, https:\/\/kunkel-systems.de\/wp-content\/uploads\/2020\/03\/Bypass-mit-NIR-freigestellt-200x300.jpg 200w, https:\/\/kunkel-systems.de\/wp-content\/uploads\/2020\/03\/Bypass-mit-NIR-freigestellt-768x1153.jpg 768w, https:\/\/kunkel-systems.de\/wp-content\/uploads\/2020\/03\/Bypass-mit-NIR-freigestellt.jpg 1425w\" sizes=\"auto, (max-width: 171px) 100vw, 171px\" \/><\/a><figcaption><strong>OKS Online mit NIR  <\/strong><\/figcaption><\/figure>\n\n\n\n<p><\/p>\n\n\n\n<figure class=\"wp-block-image size-large is-resized\"><a href=\"https:\/\/kunkel-systems.de\/?page_id=62\"><img loading=\"lazy\" decoding=\"async\" src=\"https:\/\/kunkel-systems.de\/wp-content\/uploads\/2020\/03\/OKS_Scanner-1024x880.jpg\" alt=\"\" class=\"wp-image-67\" width=\"256\" height=\"220\" srcset=\"https:\/\/kunkel-systems.de\/wp-content\/uploads\/2020\/03\/OKS_Scanner-1024x880.jpg 1024w, https:\/\/kunkel-systems.de\/wp-content\/uploads\/2020\/03\/OKS_Scanner-300x258.jpg 300w, https:\/\/kunkel-systems.de\/wp-content\/uploads\/2020\/03\/OKS_Scanner-768x660.jpg 768w, https:\/\/kunkel-systems.de\/wp-content\/uploads\/2020\/03\/OKS_Scanner-1536x1320.jpg 1536w, https:\/\/kunkel-systems.de\/wp-content\/uploads\/2020\/03\/OKS_Scanner-2048x1760.jpg 2048w\" sizes=\"auto, (max-width: 256px) 100vw, 256px\" \/><\/a><figcaption><strong>OKS Scanner<\/strong><br><\/figcaption><\/figure>\n\n\n\n<figure class=\"wp-block-image size-large is-resized\"><a href=\"https:\/\/kunkel-systems.de\/?page_id=112\"><img loading=\"lazy\" decoding=\"async\" src=\"https:\/\/kunkel-systems.de\/wp-content\/uploads\/2020\/03\/Besatzmaschine-4-freigestellt-1024x833.jpg\" alt=\"Besatzmaschine\" class=\"wp-image-113\" width=\"256\" height=\"208\" srcset=\"https:\/\/kunkel-systems.de\/wp-content\/uploads\/2020\/03\/Besatzmaschine-4-freigestellt-1024x833.jpg 1024w, https:\/\/kunkel-systems.de\/wp-content\/uploads\/2020\/03\/Besatzmaschine-4-freigestellt-300x244.jpg 300w, https:\/\/kunkel-systems.de\/wp-content\/uploads\/2020\/03\/Besatzmaschine-4-freigestellt-768x625.jpg 768w, https:\/\/kunkel-systems.de\/wp-content\/uploads\/2020\/03\/Besatzmaschine-4-freigestellt-1536x1250.jpg 1536w, https:\/\/kunkel-systems.de\/wp-content\/uploads\/2020\/03\/Besatzmaschine-4-freigestellt-2048x1667.jpg 2048w\" sizes=\"auto, (max-width: 256px) 100vw, 256px\" \/><\/a><figcaption><strong>Besatzmaschine<\/strong><br> <\/figcaption><\/figure>\n","protected":false},"excerpt":{"rendered":"<p>Willkommen auf der Homepage der Firma Fritz Kunkel! Aufgrund unserer langj\u00e4hrigen Erfahrung mit optischen, softwaregesteuerten Verfahren zur Bildanalyse k\u00f6nnen wir Ihnen individuelle L\u00f6sungen f\u00fcr verschiedene Anwendungsf\u00e4lle anbieten. Mit unseren Produkten k\u00f6nnen Sie vor allem Mehl, Grie\u00df und andere Sch\u00fcttg\u00fcter aus der Lebensmittelbranche messen. Aber auch chemische Produkte, wie z.B. PVC-Pulver oder Aluminiumoxid sind f\u00fcr uns kein Problem. Wir entwickeln Systeme<\/p>\n","protected":false},"author":1,"featured_media":0,"parent":0,"menu_order":0,"comment_status":"closed","ping_status":"closed","template":"","meta":{"pgc_sgb_lightbox_settings":"","footnotes":""},"class_list":["post-4","page","type-page","status-publish","hentry"],"_links":{"self":[{"href":"https:\/\/kunkel-systems.de\/index.php?rest_route=\/wp\/v2\/pages\/4","targetHints":{"allow":["GET"]}}],"collection":[{"href":"https:\/\/kunkel-systems.de\/index.php?rest_route=\/wp\/v2\/pages"}],"about":[{"href":"https:\/\/kunkel-systems.de\/index.php?rest_route=\/wp\/v2\/types\/page"}],"author":[{"embeddable":true,"href":"https:\/\/kunkel-systems.de\/index.php?rest_route=\/wp\/v2\/users\/1"}],"replies":[{"embeddable":true,"href":"https:\/\/kunkel-systems.de\/index.php?rest_route=%2Fwp%2Fv2%2Fcomments&post=4"}],"version-history":[{"count":7,"href":"https:\/\/kunkel-systems.de\/index.php?rest_route=\/wp\/v2\/pages\/4\/revisions"}],"predecessor-version":[{"id":226,"href":"https:\/\/kunkel-systems.de\/index.php?rest_route=\/wp\/v2\/pages\/4\/revisions\/226"}],"wp:attachment":[{"href":"https:\/\/kunkel-systems.de\/index.php?rest_route=%2Fwp%2Fv2%2Fmedia&parent=4"}],"curies":[{"name":"wp","href":"https:\/\/api.w.org\/{rel}","templated":true}]}}