{"id":137,"date":"2020-03-26T10:00:56","date_gmt":"2020-03-26T10:00:56","guid":{"rendered":"https:\/\/kunkel-systems.de\/?page_id=137"},"modified":"2025-10-02T06:06:11","modified_gmt":"2025-10-02T06:06:11","slug":"produktbroschueren","status":"publish","type":"page","link":"https:\/\/kunkel-systems.de\/?page_id=137","title":{"rendered":"Produktbrosch\u00fcren"},"content":{"rendered":"\n<p>Auf dieser Seite finden Sie eine \u00dcbersicht \u00fcber alle unsere Brosch\u00fcren im PDF-Format. Die Flyer finden Sie ebenfalls auf der entsprechenden Produktseite, immer ganz oben.<\/p>\n\n\n\n<p><strong>OKS Online<\/strong><\/p>\n\n\n\n<div class=\"wp-block-file\"><a id=\"wp-block-file--media-069ca937-5641-4b7d-8acf-37c52a9ae96c\" href=\"https:\/\/kunkel-systems.de\/wp-content\/uploads\/2020\/03\/OKS-Online-FlyerDE_1.pdf\">OKS-Online-Flyer Deutsch<\/a><a href=\"https:\/\/kunkel-systems.de\/wp-content\/uploads\/2020\/03\/OKS-Online-FlyerDE_1.pdf\" class=\"wp-block-file__button wp-element-button\" download aria-describedby=\"wp-block-file--media-069ca937-5641-4b7d-8acf-37c52a9ae96c\">Herunterladen<\/a><\/div>\n\n\n\n<div class=\"wp-block-file\"><a id=\"wp-block-file--media-0615481b-ab31-4525-aae4-a8dda37acb3a\" href=\"https:\/\/kunkel-systems.de\/wp-content\/uploads\/2020\/03\/OKS-Online-FlyerEN_1.pdf\">OKS-Online-Flyer English<\/a><a href=\"https:\/\/kunkel-systems.de\/wp-content\/uploads\/2020\/03\/OKS-Online-FlyerEN_1.pdf\" class=\"wp-block-file__button wp-element-button\" download aria-describedby=\"wp-block-file--media-0615481b-ab31-4525-aae4-a8dda37acb3a\">Herunterladen<\/a><\/div>\n\n\n\n<p><strong>OKS Scanner<\/strong><\/p>\n\n\n\n<div class=\"wp-block-file\"><a id=\"wp-block-file--media-efe556e2-3f5b-47a3-854e-74621b8bffbe\" href=\"https:\/\/kunkel-systems.de\/wp-content\/uploads\/2025\/10\/OKS-Scanner-Flyer-2025-DE.pdf\">OKS Scanner Flyer 2025 DE<\/a><a href=\"https:\/\/kunkel-systems.de\/wp-content\/uploads\/2025\/10\/OKS-Scanner-Flyer-2025-DE.pdf\" class=\"wp-block-file__button wp-element-button\" download aria-describedby=\"wp-block-file--media-efe556e2-3f5b-47a3-854e-74621b8bffbe\">Herunterladen<\/a><\/div>\n\n\n\n<div class=\"wp-block-file\"><a id=\"wp-block-file--media-fc7923ab-9041-4454-8380-e0346bd282a2\" href=\"https:\/\/kunkel-systems.de\/wp-content\/uploads\/2025\/10\/OKS-Scanner-Flyer-2024-EN.pdf\">OKS Scanner Flyer 2024 EN<\/a><a href=\"https:\/\/kunkel-systems.de\/wp-content\/uploads\/2025\/10\/OKS-Scanner-Flyer-2024-EN.pdf\" class=\"wp-block-file__button wp-element-button\" download aria-describedby=\"wp-block-file--media-fc7923ab-9041-4454-8380-e0346bd282a2\">Herunterladen<\/a><\/div>\n\n\n\n<p><strong>Besatzmaschine<\/strong><\/p>\n\n\n\n<div class=\"wp-block-file\"><a id=\"wp-block-file--media-e2ae1d32-9c91-4de5-8464-f16286cf6d21\" href=\"https:\/\/kunkel-systems.de\/wp-content\/uploads\/2023\/05\/OKS-Besatzanalyse-Flyer-2.1.pdf\">OKS-Besatzanalyse-Flyer-Deutsch<\/a><a href=\"https:\/\/kunkel-systems.de\/wp-content\/uploads\/2023\/05\/OKS-Besatzanalyse-Flyer-2.1.pdf\" class=\"wp-block-file__button wp-element-button\" download aria-describedby=\"wp-block-file--media-e2ae1d32-9c91-4de5-8464-f16286cf6d21\">Herunterladen<\/a><\/div>\n\n\n\n<div class=\"wp-block-file\"><a id=\"wp-block-file--media-ba9a250d-3238-4ecb-b882-a387a0a11c94\" href=\"https:\/\/kunkel-systems.de\/wp-content\/uploads\/2023\/05\/OKS-Besatzanalyse-Flyer-2.1-English.pdf\">OKS Besatzanalyse Flyer 2.1 (English)<\/a><a href=\"https:\/\/kunkel-systems.de\/wp-content\/uploads\/2023\/05\/OKS-Besatzanalyse-Flyer-2.1-English.pdf\" class=\"wp-block-file__button wp-element-button\" download aria-describedby=\"wp-block-file--media-ba9a250d-3238-4ecb-b882-a387a0a11c94\">Herunterladen<\/a><\/div>\n\n\n\n<p><strong>Pellspection<\/strong><\/p>\n\n\n\n<div class=\"wp-block-file\"><a id=\"wp-block-file--media-50494375-2a85-488c-a480-baccd4d82d7c\" href=\"https:\/\/kunkel-systems.de\/wp-content\/uploads\/2022\/06\/Pellspection-Flyer-Deutsch.pdf\">Pellspection Flyer (Deutsch)<\/a><a href=\"https:\/\/kunkel-systems.de\/wp-content\/uploads\/2022\/06\/Pellspection-Flyer-Deutsch.pdf\" class=\"wp-block-file__button wp-element-button\" download aria-describedby=\"wp-block-file--media-50494375-2a85-488c-a480-baccd4d82d7c\">Herunterladen<\/a><\/div>\n\n\n\n<div class=\"wp-block-file\"><a id=\"wp-block-file--media-8093b174-3b82-40f4-b0f2-570bfc08177c\" href=\"https:\/\/kunkel-systems.de\/wp-content\/uploads\/2022\/06\/Pellspection-Flyer-English.pdf\">Pellspection Flyer (English)<\/a><a href=\"https:\/\/kunkel-systems.de\/wp-content\/uploads\/2022\/06\/Pellspection-Flyer-English.pdf\" class=\"wp-block-file__button wp-element-button\" download aria-describedby=\"wp-block-file--media-8093b174-3b82-40f4-b0f2-570bfc08177c\">Herunterladen<\/a><\/div>\n\n\n\n<p><strong>ColorComponents<\/strong><\/p>\n\n\n\n<div class=\"wp-block-file\"><a id=\"wp-block-file--media-8c77f8bf-d9ca-497c-ab57-ca2fbc436ad9\" href=\"https:\/\/kunkel-systems.de\/wp-content\/uploads\/2020\/03\/OKS-ColorComponents_FlyerDE_1.pdf\">ColorComponents Deutsch<\/a><a href=\"https:\/\/kunkel-systems.de\/wp-content\/uploads\/2020\/03\/OKS-ColorComponents_FlyerDE_1.pdf\" class=\"wp-block-file__button wp-element-button\" download aria-describedby=\"wp-block-file--media-8c77f8bf-d9ca-497c-ab57-ca2fbc436ad9\">Herunterladen<\/a><\/div>\n\n\n\n<p><strong>OKS Homogenit\u00e4t<\/strong><\/p>\n\n\n\n<div class=\"wp-block-file\"><a id=\"wp-block-file--media-f30a2c98-27c8-4e18-8987-f1dfaf1169f4\" href=\"https:\/\/kunkel-systems.de\/wp-content\/uploads\/2020\/03\/OKS_Homogenitaet_Flyer.pdf\">OKS Homogenitaet Deutsch<\/a><a href=\"https:\/\/kunkel-systems.de\/wp-content\/uploads\/2020\/03\/OKS_Homogenitaet_Flyer.pdf\" class=\"wp-block-file__button wp-element-button\" download aria-describedby=\"wp-block-file--media-f30a2c98-27c8-4e18-8987-f1dfaf1169f4\">Herunterladen<\/a><\/div>\n","protected":false},"excerpt":{"rendered":"<p>Auf dieser Seite finden Sie eine \u00dcbersicht \u00fcber alle unsere Brosch\u00fcren im PDF-Format. Die Flyer finden Sie ebenfalls auf der entsprechenden Produktseite, immer ganz oben. OKS Online OKS Scanner Besatzmaschine Pellspection ColorComponents OKS Homogenit\u00e4t<\/p>\n","protected":false},"author":1,"featured_media":0,"parent":4,"menu_order":6,"comment_status":"closed","ping_status":"closed","template":"","meta":{"pgc_sgb_lightbox_settings":"","footnotes":""},"class_list":["post-137","page","type-page","status-publish","hentry"],"_links":{"self":[{"href":"https:\/\/kunkel-systems.de\/index.php?rest_route=\/wp\/v2\/pages\/137","targetHints":{"allow":["GET"]}}],"collection":[{"href":"https:\/\/kunkel-systems.de\/index.php?rest_route=\/wp\/v2\/pages"}],"about":[{"href":"https:\/\/kunkel-systems.de\/index.php?rest_route=\/wp\/v2\/types\/page"}],"author":[{"embeddable":true,"href":"https:\/\/kunkel-systems.de\/index.php?rest_route=\/wp\/v2\/users\/1"}],"replies":[{"embeddable":true,"href":"https:\/\/kunkel-systems.de\/index.php?rest_route=%2Fwp%2Fv2%2Fcomments&post=137"}],"version-history":[{"count":8,"href":"https:\/\/kunkel-systems.de\/index.php?rest_route=\/wp\/v2\/pages\/137\/revisions"}],"predecessor-version":[{"id":557,"href":"https:\/\/kunkel-systems.de\/index.php?rest_route=\/wp\/v2\/pages\/137\/revisions\/557"}],"up":[{"embeddable":true,"href":"https:\/\/kunkel-systems.de\/index.php?rest_route=\/wp\/v2\/pages\/4"}],"wp:attachment":[{"href":"https:\/\/kunkel-systems.de\/index.php?rest_route=%2Fwp%2Fv2%2Fmedia&parent=137"}],"curies":[{"name":"wp","href":"https:\/\/api.w.org\/{rel}","templated":true}]}}