{"id":112,"date":"2020-03-26T07:36:24","date_gmt":"2020-03-26T07:36:24","guid":{"rendered":"https:\/\/kunkel-systems.de\/?page_id=112"},"modified":"2023-05-15T14:26:21","modified_gmt":"2023-05-15T14:26:21","slug":"besatzmaschine","status":"publish","type":"page","link":"https:\/\/kunkel-systems.de\/?page_id=112","title":{"rendered":"Besatzmaschine"},"content":{"rendered":"\n<h4 class=\"wp-block-heading\">Vollautomatische, digitale Besatzmaschine f\u00fcr Weizen, Roggen und Gerste. Probe einf\u00fcllen, &#8222;Auftrag starten&#8220; anklicken, in wenigen Minuten haben Sie das Ergebnis.<\/h4>\n\n\n\n<figure class=\"wp-block-image size-large is-resized\"><img loading=\"lazy\" decoding=\"async\" src=\"https:\/\/kunkel-systems.de\/wp-content\/uploads\/2021\/07\/DSC06091-1024x1024.jpg\" alt=\"\" class=\"wp-image-307\" width=\"603\" height=\"603\" srcset=\"https:\/\/kunkel-systems.de\/wp-content\/uploads\/2021\/07\/DSC06091-1024x1024.jpg 1024w, https:\/\/kunkel-systems.de\/wp-content\/uploads\/2021\/07\/DSC06091-300x300.jpg 300w, https:\/\/kunkel-systems.de\/wp-content\/uploads\/2021\/07\/DSC06091-150x150.jpg 150w, https:\/\/kunkel-systems.de\/wp-content\/uploads\/2021\/07\/DSC06091-768x768.jpg 768w, https:\/\/kunkel-systems.de\/wp-content\/uploads\/2021\/07\/DSC06091-1536x1536.jpg 1536w, https:\/\/kunkel-systems.de\/wp-content\/uploads\/2021\/07\/DSC06091-2048x2048.jpg 2048w, https:\/\/kunkel-systems.de\/wp-content\/uploads\/2021\/07\/DSC06091-80x80.jpg 80w\" sizes=\"auto, (max-width: 603px) 100vw, 603px\" \/><\/figure>\n\n\n\n<div class=\"wp-block-file\"><a id=\"wp-block-file--media-e2ae1d32-9c91-4de5-8464-f16286cf6d21\" href=\"https:\/\/kunkel-systems.de\/wp-content\/uploads\/2023\/05\/OKS-Besatzanalyse-Flyer-2.1.pdf\">OKS-Besatzanalyse-Flyer-Deutsch<\/a><a href=\"https:\/\/kunkel-systems.de\/wp-content\/uploads\/2023\/05\/OKS-Besatzanalyse-Flyer-2.1.pdf\" class=\"wp-block-file__button wp-element-button\" download aria-describedby=\"wp-block-file--media-e2ae1d32-9c91-4de5-8464-f16286cf6d21\">Herunterladen<\/a><\/div>\n\n\n\n<div class=\"wp-block-file\"><a id=\"wp-block-file--media-ba9a250d-3238-4ecb-b882-a387a0a11c94\" href=\"https:\/\/kunkel-systems.de\/wp-content\/uploads\/2023\/05\/OKS-Besatzanalyse-Flyer-2.1-English.pdf\">OKS Besatzanalyse Flyer 2.1 (English)<\/a><a href=\"https:\/\/kunkel-systems.de\/wp-content\/uploads\/2023\/05\/OKS-Besatzanalyse-Flyer-2.1-English.pdf\" class=\"wp-block-file__button wp-element-button\" download aria-describedby=\"wp-block-file--media-ba9a250d-3238-4ecb-b882-a387a0a11c94\">Herunterladen<\/a><\/div>\n\n\n\n<p>Das Besatzanalyse-System der Firma Kunkel ist ein vollautomatisches, digitales System zur Beurteilung des Besatzes von Getreide in der Rohstoff-Annahme. Besatz sind unerw\u00fcnschte Bestandteile im Getreide, wie z.B. Fremdgetreide, Mutterkorn, Unkrautsamen, Erde, Steine, Metall, gebrochene, schm\u00e4chtige oder durch Pilz- und Sch\u00e4dlingsfra\u00df beeintr\u00e4chtigte K\u00f6rner.  Das Labor-System bietet eine sehr schnelle Analyse, au\u00dferdem ist es platzsparend im Aufbau und einfach in der Bedienung.<\/p>\n\n\n\n<p>W\u00e4hrend der Rohstoff-Annahme \u00fcbernimmt das System die schnelle und objektive Beurteilung der angenommenen Probe. Das Labor wird zeitlich entlastet und eine erste Einsch\u00e4tzung der Ware steht f\u00fcr andere digitale System sofort zur Verf\u00fcgung.  Werden bestimmte Grenzwerte \u00fcberschritten, k\u00f6nnen diese Werte Anlass f\u00fcr weitere, klassische Labor-Untersuchungen sein.<\/p>\n\n\n\n<figure class=\"wp-block-image size-large is-resized\"><a href=\"https:\/\/kunkel-systems.de\/wp-content\/uploads\/2020\/03\/Besatzmaschine_im_Labor-scaled.jpg\"><img loading=\"lazy\" decoding=\"async\" src=\"https:\/\/kunkel-systems.de\/wp-content\/uploads\/2020\/03\/Besatzmaschine_im_Labor-884x1024.jpg\" alt=\"Besatzmaschine im Labor, im Vordergrund die klassischen Probenmuster (kleine Sch\u00e4lchen)\" class=\"wp-image-114\" width=\"348\" height=\"402\" srcset=\"https:\/\/kunkel-systems.de\/wp-content\/uploads\/2020\/03\/Besatzmaschine_im_Labor-884x1024.jpg 884w, https:\/\/kunkel-systems.de\/wp-content\/uploads\/2020\/03\/Besatzmaschine_im_Labor-259x300.jpg 259w, https:\/\/kunkel-systems.de\/wp-content\/uploads\/2020\/03\/Besatzmaschine_im_Labor-768x889.jpg 768w, https:\/\/kunkel-systems.de\/wp-content\/uploads\/2020\/03\/Besatzmaschine_im_Labor-1327x1536.jpg 1327w, https:\/\/kunkel-systems.de\/wp-content\/uploads\/2020\/03\/Besatzmaschine_im_Labor-1769x2048.jpg 1769w\" sizes=\"auto, (max-width: 348px) 100vw, 348px\" \/><\/a><\/figure>\n\n\n\n<h4 class=\"wp-block-heading\"><strong>Anpassbar und flexibel durch Kornklassen<\/strong><\/h4>\n\n\n\n<figure class=\"wp-block-image size-large\"><img loading=\"lazy\" decoding=\"async\" width=\"843\" height=\"1024\" src=\"https:\/\/kunkel-systems.de\/wp-content\/uploads\/2021\/07\/Besatzarten-Kontrollbilder-843x1024.jpg\" alt=\"Kontrollbilder aus der Besatzmaschine, links Durum, rechts Hafer. Die unterschiedlichen Getreidesorten und Besatzarten k\u00f6nnen vom Menschen unterschieden werden. Zweidimensionale Bilder aus dem Computer\" class=\"wp-image-308\" srcset=\"https:\/\/kunkel-systems.de\/wp-content\/uploads\/2021\/07\/Besatzarten-Kontrollbilder-843x1024.jpg 843w, https:\/\/kunkel-systems.de\/wp-content\/uploads\/2021\/07\/Besatzarten-Kontrollbilder-247x300.jpg 247w, https:\/\/kunkel-systems.de\/wp-content\/uploads\/2021\/07\/Besatzarten-Kontrollbilder-768x933.jpg 768w, https:\/\/kunkel-systems.de\/wp-content\/uploads\/2021\/07\/Besatzarten-Kontrollbilder.jpg 1190w\" sizes=\"auto, (max-width: 843px) 100vw, 843px\" \/><\/figure>\n\n\n\n<p>Zahlreiche Kornklassen k\u00f6nnen bereits jetzt erkannt werden. Eine Erweiterung auf ihre Produkte ist problemlos m\u00f6glich. Diese  Einrichtungsarbeit wird von uns komplett \u00fcbernommen, sie als Kunde erhalten  ein sofort einsatzbereites System!<br><br> Unser Ger\u00e4t findet bereits jetzt:<br><br> &#8211; Weizen normal (Hartweizen, Weichweizen)<br> &#8211; Dunkelfleckigkeit, Schwarzverf\u00e4rbung<br> &#8211; Fusarium Schimmelpilzgifte<br> &#8211; Schmachtkorn, Bruchkorn<br> &#8211; Mutterkorn<br> &#8211; Senfsamen, Fremdgetreide, Soja, Mais u.\u00e4. (GVO Kontrolle)<br>&#8211; Spelzen<br>&#8211; Wanzenstichigkeit<br>&#8211; Mehligkeit und Glasigkeit<br>&#8211; Verteilung von Gr\u00f6\u00dfe und Form<br>&#8211; Glutenhaltiges Getreide in Hafer<\/p>\n\n\n\n<p> <\/p>\n\n\n\n<figure class=\"wp-block-image size-large is-resized\"><img loading=\"lazy\" decoding=\"async\" src=\"https:\/\/kunkel-systems.de\/wp-content\/uploads\/2021\/07\/Soja-in-Durum-1024x683.jpg\" alt=\"\" class=\"wp-image-312\" width=\"766\" height=\"510\" srcset=\"https:\/\/kunkel-systems.de\/wp-content\/uploads\/2021\/07\/Soja-in-Durum-1024x683.jpg 1024w, https:\/\/kunkel-systems.de\/wp-content\/uploads\/2021\/07\/Soja-in-Durum-300x200.jpg 300w, https:\/\/kunkel-systems.de\/wp-content\/uploads\/2021\/07\/Soja-in-Durum-768x512.jpg 768w, https:\/\/kunkel-systems.de\/wp-content\/uploads\/2021\/07\/Soja-in-Durum-1536x1024.jpg 1536w, https:\/\/kunkel-systems.de\/wp-content\/uploads\/2021\/07\/Soja-in-Durum-2048x1366.jpg 2048w, https:\/\/kunkel-systems.de\/wp-content\/uploads\/2021\/07\/Soja-in-Durum-90x60.jpg 90w\" sizes=\"auto, (max-width: 766px) 100vw, 766px\" \/><\/figure>\n\n\n\n<h4 class=\"wp-block-heading\">Einfach in der Bedienung<\/h4>\n\n\n\n<p>Das Personal vor Ort muss lediglich eine Probe in den Trichter auf der Oberseite eingeben und anschlie\u00dfend \u201eAuftrag starten\u201c anklicken. Die Menge dieser Probe unterliegt der Entscheidung des Labors bzw. der Qualit\u00e4tssicherung, man sollte aber eine Mindestmenge von 100 Gramm verwenden. Gr\u00f6\u00dfere Mengen sind auch m\u00f6glich, der Trichter kann w\u00e4hrend eines Auftrages nachgef\u00fcllt werden.  Das System \u00fcbernimmt nach Auftragsstart die F\u00f6rderung des Getreides,  die Bilderfassung und die Beurteilung des Besatzes vollautomatisch und  selbstst\u00e4ndig. Wenn der Auftrag fertig ist, werden die verschiedenen Besatzklassen in Prozent angezeigt und der  Messvorgang automatisch beendet. <\/p>\n\n\n\n<p><\/p>\n\n\n\n<h4 class=\"wp-block-heading\">Systemaufbau<\/h4>\n\n\n\n<p>Das System besteht aus einem platzsparenden Alurahmen-Aufbau  (ca. 850 \/ 685 \/ 300 mm), einer integrierten R\u00fcttelrinne, einem Einf\u00fclltrichter, Glasscheiben und Messkanal, einer hochwertigen USB 3.0- Industrie-Kamera, ein Mini-Computer und ein Monitor. Au\u00dferdem ist eine vollautomatische L\u00fcftersteuerung und ein Schaltkasten integriert.  Das Programm \u201eOKS Besatz\u201c ist vorinstalliert und wird nach Kundenwunsch vorkonfiguriert.<\/p>\n\n\n\n<figure class=\"wp-block-image size-large is-resized\"><a href=\"https:\/\/kunkel-systems.de\/wp-content\/uploads\/2020\/03\/Aufbau_der_Besatzmaschine-scaled.jpg\"><img loading=\"lazy\" decoding=\"async\" src=\"https:\/\/kunkel-systems.de\/wp-content\/uploads\/2020\/03\/Aufbau_der_Besatzmaschine-1024x825.jpg\" alt=\"Aufbau der Besatzmaschine (Schematisch)\" class=\"wp-image-120\" width=\"504\" height=\"405\" srcset=\"https:\/\/kunkel-systems.de\/wp-content\/uploads\/2020\/03\/Aufbau_der_Besatzmaschine-1024x825.jpg 1024w, https:\/\/kunkel-systems.de\/wp-content\/uploads\/2020\/03\/Aufbau_der_Besatzmaschine-300x242.jpg 300w, https:\/\/kunkel-systems.de\/wp-content\/uploads\/2020\/03\/Aufbau_der_Besatzmaschine-768x619.jpg 768w, https:\/\/kunkel-systems.de\/wp-content\/uploads\/2020\/03\/Aufbau_der_Besatzmaschine-1536x1238.jpg 1536w, https:\/\/kunkel-systems.de\/wp-content\/uploads\/2020\/03\/Aufbau_der_Besatzmaschine-2048x1651.jpg 2048w\" sizes=\"auto, (max-width: 504px) 100vw, 504px\" \/><\/a><\/figure>\n\n\n\n<h4 class=\"wp-block-heading\">Auf Kundenwunsch konfigurierbar<\/h4>\n\n\n\n<p>Zahlreiche Einstellm\u00f6glichkeiten und Erkennungsmethoden wie Gr\u00f6\u00dfenvergleich, RGB Farbvergleich, Histogrammvergleich oder Musterbild-Vergleich erlauben eine optimal angepasste Besatz-Analyse f\u00fcr Ihren Betrieb. Dabei werden modernste Methoden aus der digitalen Bildverarbeitung angewandt.<\/p>\n\n\n\n<p>Ist das Ger\u00e4t einmal eingerichtet, dauert der Messvorgang f\u00fcr 100 Gramm Weizen ca. eine Minute und kann mit einer neuer Probe beliebig oft wiederholt werden. So sind schnelle und genaue Messungen von gro\u00dfen Weizenpartien m\u00f6glich. Die Ergebnisse stehen sofort zur Verf\u00fcgung und k\u00f6nnen mit der Auftragsanzeige ausgedruckt oder in andere Programme exportiert werden. Die einzelne, aufw\u00e4ndige und manuelle Einteilung in Besatzklassen muss nur noch nach Bedarf vorgenommen werden.<\/p>\n\n\n\n<figure class=\"wp-block-image size-large is-resized\"><a href=\"https:\/\/kunkel-systems.de\/wp-content\/uploads\/2020\/03\/Besatzmaschine_Software.jpg\"><img loading=\"lazy\" decoding=\"async\" src=\"https:\/\/kunkel-systems.de\/wp-content\/uploads\/2020\/03\/Besatzmaschine_Software-1024x559.jpg\" alt=\"\" class=\"wp-image-127\" width=\"682\" height=\"370\"\/><\/a><\/figure>\n\n\n\n<h4 class=\"wp-block-heading\"><strong>Auftragsanzeige und Exportfunktionen<\/strong><\/h4>\n\n\n\n<p>Die aus den OKS-Programmen bekannte,  \u00fcbersichtliche Auftragsanzeige bietet eine schnelle \u00dcbersicht \u00fcber die  wichtigsten Messergebnisse und erm\u00f6glicht bequeme Export-Funktionen zum  Drucken oder Abspeichern.<\/p>\n\n\n\n<figure class=\"wp-block-image size-large is-resized\"><a href=\"https:\/\/kunkel-systems.de\/wp-content\/uploads\/2020\/03\/Auftrag-36b-scaled.jpg\"><img loading=\"lazy\" decoding=\"async\" src=\"https:\/\/kunkel-systems.de\/wp-content\/uploads\/2020\/03\/Auftrag-36b-724x1024.jpg\" alt=\"\" class=\"wp-image-131\" width=\"396\" height=\"560\" srcset=\"https:\/\/kunkel-systems.de\/wp-content\/uploads\/2020\/03\/Auftrag-36b-724x1024.jpg 724w, https:\/\/kunkel-systems.de\/wp-content\/uploads\/2020\/03\/Auftrag-36b-212x300.jpg 212w, https:\/\/kunkel-systems.de\/wp-content\/uploads\/2020\/03\/Auftrag-36b-768x1086.jpg 768w, https:\/\/kunkel-systems.de\/wp-content\/uploads\/2020\/03\/Auftrag-36b-1086x1536.jpg 1086w, https:\/\/kunkel-systems.de\/wp-content\/uploads\/2020\/03\/Auftrag-36b-1448x2048.jpg 1448w, https:\/\/kunkel-systems.de\/wp-content\/uploads\/2020\/03\/Auftrag-36b-scaled.jpg 1810w\" sizes=\"auto, (max-width: 396px) 100vw, 396px\" \/><\/a><\/figure>\n\n\n\n<h4 class=\"wp-block-heading\"><strong>Technische Daten<\/strong><\/h4>\n\n\n\n<p><strong>Breite<\/strong>: ca. 850 mm<br><strong>H\u00f6he<\/strong>: ca. 685 mm<br><strong>Tiefe<\/strong>: ca. 300 mm  <br><strong>Gewicht<\/strong>:  ca. 25 kg<br><strong>Netzanschluss<\/strong>:  230 V<br><strong>Leistungsaufnahme<\/strong>: ca. 300 Watt<\/p>\n\n\n\n<p><strong>Analysendauer<\/strong>:  ca. 1 Minute pro 100 Gramm<br><strong>Messrate<\/strong> Ca. 40 Objekte pro Sekunde (Kamera+Software)<br><strong>Messdurchsatz<\/strong>: ca. 80-90% einer Probe werden von der Kameraaufnahme erfasst<br><strong>Messparameter<\/strong>:  Gr\u00f6\u00dfenvergleich, RGB Farbvergleich, Histogrammvergleich, Farbvorkommen RGB und HSV, Musterbild-Vergleich (Pattern match), Pixelvergleich, Rundheit<br><strong>Anzahl der Suchklassen<\/strong>:  unbegrenzt<br><strong>Software<\/strong>: OKS Besatz 1.0 vorinstalliert und konfiguriert<br><strong>PC<\/strong>:  NUC 7 Home, ultra-kompakter PC, vorinstallierte Software<br><strong>Beleuchtung<\/strong>:     COB Fl\u00e4chen-LED, 50 Watt<br><strong>Kamera <\/strong>:    12bit USB 3.0 Industriekamera<br><strong>Monitor<\/strong>:     HDMI FullHD Aufl\u00f6sung 1920&#215;1080 Pixel<\/p>\n","protected":false},"excerpt":{"rendered":"<p>Vollautomatische, digitale Besatzmaschine f\u00fcr Weizen, Roggen und Gerste. Probe einf\u00fcllen, &#8222;Auftrag starten&#8220; anklicken, in wenigen Minuten haben Sie das Ergebnis. Das Besatzanalyse-System der Firma Kunkel ist ein vollautomatisches, digitales System zur Beurteilung des Besatzes von Getreide in der Rohstoff-Annahme. Besatz sind unerw\u00fcnschte Bestandteile im Getreide, wie z.B. Fremdgetreide, Mutterkorn, Unkrautsamen, Erde, Steine, Metall, gebrochene, schm\u00e4chtige oder durch Pilz- und Sch\u00e4dlingsfra\u00df<\/p>\n","protected":false},"author":1,"featured_media":0,"parent":4,"menu_order":3,"comment_status":"closed","ping_status":"closed","template":"","meta":{"pgc_sgb_lightbox_settings":"","footnotes":""},"class_list":["post-112","page","type-page","status-publish","hentry"],"_links":{"self":[{"href":"https:\/\/kunkel-systems.de\/index.php?rest_route=\/wp\/v2\/pages\/112","targetHints":{"allow":["GET"]}}],"collection":[{"href":"https:\/\/kunkel-systems.de\/index.php?rest_route=\/wp\/v2\/pages"}],"about":[{"href":"https:\/\/kunkel-systems.de\/index.php?rest_route=\/wp\/v2\/types\/page"}],"author":[{"embeddable":true,"href":"https:\/\/kunkel-systems.de\/index.php?rest_route=\/wp\/v2\/users\/1"}],"replies":[{"embeddable":true,"href":"https:\/\/kunkel-systems.de\/index.php?rest_route=%2Fwp%2Fv2%2Fcomments&post=112"}],"version-history":[{"count":15,"href":"https:\/\/kunkel-systems.de\/index.php?rest_route=\/wp\/v2\/pages\/112\/revisions"}],"predecessor-version":[{"id":394,"href":"https:\/\/kunkel-systems.de\/index.php?rest_route=\/wp\/v2\/pages\/112\/revisions\/394"}],"up":[{"embeddable":true,"href":"https:\/\/kunkel-systems.de\/index.php?rest_route=\/wp\/v2\/pages\/4"}],"wp:attachment":[{"href":"https:\/\/kunkel-systems.de\/index.php?rest_route=%2Fwp%2Fv2%2Fmedia&parent=112"}],"curies":[{"name":"wp","href":"https:\/\/api.w.org\/{rel}","templated":true}]}}